 Is r a composite number?
True
Let s be (-18)/(-72) - 2/8. Suppose -2*o + 8 + 30 = 4*j, -2*j + 9 = -o. Suppose s*d = j*d - 4445. Is d a composite number?
True
Suppose -b - 58 = -60. Suppose -12*t + 7*t - a = -19947, 15952 = 4*t - b*a. Is t prime?
True
Let p(w) = -869 + 868 + 4*w + 7*w**3 + 7*w**3 + 2*w**2. Is p(4) composite?
True
Let u be 238/102*(-6)/(-2). Let q(n) = 13*n**3 - 2*n**2 - 21*n + 5. Is q(u) composite?
False
Let h = -2597 - -1173. Let x = h - -5083. Is x prime?
True
Suppose 4*j + 4 = -2*w + 8*j, -3*w = -5*j + 3. Let i be (-5)/(20/32) + w. Let o(h) = -45*h - 41. Is o(i) composite?
False
Let t = -101 - -106. Let q = 860 + 1689. Suppose -q = -3*n + 5*k, 2*k = -t*n + k + 4267. Is n a prime number?
True
Suppose 20*p - 153097 = 148843. Is p composite?
True
Let v = -155646 - -240541. Is v a composite number?
True
Let r be (8 - 119/14)*-4262. Suppose -3*t + 0*t - 5*n - 4250 = 0, 4*t - 3*n = -5628. Let x = t + r. Is x composite?
True
Let c(f) = 301834*f + 99. Is c(5) a composite number?
False
Suppose 2*v + 23*v = 150. Let g(a) = 757*a - 76. Let r(z) = -757*z + 75. Let y(l) = 6*g(l) + 5*r(l). Is y(v) a prime number?
False
Let w = 401406 + -88219. Is w composite?
True
Let j(h) = 3*h**3 + 31*h**2 - 29*h - 292. Is j(63) composite?
False
Let v = -8353 - -14285. Let r = 16493 - v. Is r a prime number?
False
Let r(g) = 4*g**2 - 6*g**2 - 3*g + g**2 - 3 - 3*g. Let m be r(-5). Suppose -3*o + 5664 = -5*y, -m*o = -y + 5*y - 3754. Is o composite?
True
Suppose -59786 = c - 77827. Is c composite?
False
Let o be (-7)/(-35) - (-336)/120. Let z be (-22)/(-8) + (-1)/(-4). Suppose 2*h = -5*m + 3596, -o*m + 2*m + 5381 = z*h. Is h a prime number?
False
Let w(r) = 7*r + 178*r + 32*r + 12*r + 21. Let v be w(9). Let n = 5945 - v. Is n prime?
True
Let l be -2*(4 - 5)*(-25)/(-10). Suppose -l*m + 4571 = w, 2*w + 1381 - 10495 = 4*m. Is w a prime number?
True
Let l(v) = 2064*v - 1081. Is l(55) a prime number?
False
Let i(v) = v + 5266. Let s(g) = -g**3 + 12*g**2 + 16*g - 39. Let q be s(13). Is i(q) prime?
False
Let c = -40 - 324. Let n be 846/(-24)*(-2)/3*-6. Let a = n - c. Is a a composite number?
False
Suppose 268*h - 113774658 = 131*h - 249*h. Is h a prime number?
False
Let x = -11 + 5. Let t(n) = -5*n - 26. Let p be t(x). Suppose p*d - 2318 = 2478. Is d composite?
True
Suppose 4*c = 5*j - 8781, 1196 = j - 3*c - 569. Is (-32)/(-4) + j + -7 prime?
False
Suppose 0 = 5049*z - 5055*z + 2557374. Is z a composite number?
False
Let p(u) be the third derivative of 4*u**5/15 + u**4/4 + 13*u**3/6 - 2*u**2. Let c(g) = -9*g - 78. Let r be c(-8). Is p(r) composite?
True
Let z(u) = -3*u**3 - 46 - 19*u + 30 - 8*u**2 + 11*u. Is z(-7) prime?
True
Let j be (-7)/42 - (-19)/6. Let v = 571 - 567. Suppose -b = -r + j*b + 2447, 4858 = 2*r + v*b. Is r a prime number?
False
Suppose -5*q + u + 2798471 = 0, 5*u - 769 + 799 = 0. Is q a prime number?
False
Let k(z) = 240*z - 233 + 145 - 244 - 34 + 152*z. Is k(16) a composite number?
True
Let r = 99 - -59. Let l = 268 - r. Let t = 59 + l. Is t a composite number?
True
Let n = -3673 + 48724. Suppose 5*q - 35230 = -4*y + 39823, 0 = 3*q - 4*y - n. Is q composite?
False
Suppose 8*t - 5*t + 102857 = 5*i, 8 = -2*t. Is i composite?
True
Let g(k) = -k**2 - 26*k - 141. Let s be g(-18). Suppose -5*f = 5*u - 14840, u - 4*u = -s*f - 8874. Is u a composite number?
False
Is 12 + 9403521/69 - (-6)/69 composite?
True
Let r(l) = -l**3 - 25*l**2 + 137*l + 505. Is r(-82) composite?
False
Let r be 7 + (-3389 - 0/(-4)). Is (9 + 95/(-10))/(1/r) composite?
True
Is (-3*((-718026)/(-9) + 0/21))/(-2) a composite number?
False
Let w(k) = 3*k - 12. Let n be w(5). Suppose n*d - 31 = -16. Suppose -11*b + d*b + 78 = 0. Is b a composite number?
False
Let i(h) = h**3 - 22*h**2 + 60*h - 15. Let s be i(19). Suppose 38*o = s*o - 13972. Is o a prime number?
False
Let z(c) = 6*c**2 + 152*c + 985. Is z(-72) a composite number?
True
Let l(j) = 51992*j + 5911. Is l(10) a composite number?
True
Let p be (-117)/(-7) - 18/(-63). Suppose -p + 5 = -3*q. Is 51709/35 - q/10 a composite number?
True
Let a(s) be the second derivative of 5*s**4/2 + s**3/6 - 5*s**2/2 + 7*s. Suppose 7*k = 41 - 83. Is a(k) a composite number?
False
Suppose 190*d - 505*d - 99044172 + 462488967 = 0. Is d a composite number?
True
Suppose -26481 = -j - 4*c, -3*c = 12*j - 15*j + 79473. Is j a prime number?
True
Let k(j) = 3990*j**2 + 2*j - 3. Let s = -52 - -53. Is k(s) composite?
False
Suppose 0 = 3*p + 13*p - 955295 - 2724753. Is p composite?
False
Suppose 3 = -w + 3*g, 3*w + g + 3*g = 17. Suppose -w*v + 1127 = 206. Is v prime?
True
Suppose -5*n = j - 4*j + 185358, -2*j + 5*n = -123577. Is j a composite number?
False
Suppose -265 = -10*j + 105. Suppose -2*p = j - 3983. Is p composite?
False
Let g(v) = 12*v**2 + v - 9. Let c(x) = x**3 - x**2 - 5*x - 3. Let a be c(-4). Let b = 67 + a. Is g(b) composite?
True
Let l(w) = -2*w**3 - 97*w**2 + 163*w + 1245. Is l(-68) prime?
True
Let y(b) = -3*b**2 - 20*b - 8. Let f be (((-20)/(-4))/5)/((-2)/12). Let r be y(f). Suppose i = -4*j - 0*i + 344, r*i = -2*j + 172. Is j a composite number?
True
Let v = 35 + -25. Suppose n + 5*y - 8 = v, 3*n = -3*y + 18. Suppose -n*u + 6979 = 4*a, 0 = -4*u + 3*u - 3. Is a composite?
False
Let g = -9875 - -17954. Suppose -g = -2*u + 1319. Is u a prime number?
False
Is (-429317)/(-4) + (-5 - (-380)/80) a prime number?
False
Let u = 9844 + 1314. Let q = -1901 + u. Is q prime?
True
Let j(o) = -2*o. Let p be j(0). Let w(s) = -3*s + 82. Let c be w(p). Is -2 + 1 + (-3 - (-1 - c)) prime?
True
Is 3/6*(-57)/((-1596)/36745016) a composite number?
True
Is 2/(-8) - 3386427/(-44) - 7 prime?
False
Suppose -20*v + 360 = -0*v. Is 41890/v + (-4)/18 composite?
True
Let c = 13325 - -5495. Suppose -8*w + c = 12*w. Is w prime?
True
Suppose -40*w + 113*w - 1087189 = 0. Is w prime?
False
Let s(a) be the second derivative of -a**5/20 + 11*a**4/12 + 5*a**3/2 - 21*a**2 + 10*a. Let g be s(12). Is g/(-2)*(4 - 25135/(-15)) a composite number?
False
Let i(s) = -s**2 - 5*s. Let g be i(-4). Let x = 32 - 17. Suppose 3*h + 4*k = 2217, -x = k + g*k. Is h prime?
True
Is (-720)/(-108)*((-5442)/(-8) + 0) composite?
True
Suppose 34 = -9*a - 38. Let c be ((-2)/(-5))/(a/(-100)). Suppose 2*i = f - 49, 2 = c*i + 27. Is f prime?
False
Suppose 282961 = 8*g + 44153. Is g prime?
True
Is 6/(-1) - (-91548 + (22 - 27)) a composite number?
True
Let d = -25814 - -63307. Suppose -15*b = -d - 7672. Is b a prime number?
True
Is (0 - 2 - -5)*30/(-180)*-229486 prime?
True
Suppose -x + 3 + 3 = 0. Is -3 - (x/39 + 32868/(-26)) a prime number?
False
Let m(a) = 19*a - 2224. Is m(119) a prime number?
True
Let t(m) = 39649*m**3 - 2*m**2 + 27*m - 27. Is t(1) a composite number?
True
Suppose -25*f = -339154 - 13946. Is f + 19 + -6 - (1 + -1) prime?
False
Let p(a) = a**3 - 5*a**2 + 2*a + 6. Let n = -16 - -20. Let g be p(n). Is 80/(-440) - ((-9882)/(-11))/g a composite number?
False
Let p = -90831 - -148160. Is p prime?
True
Let h = -96406 - -181263. Is h a composite number?
False
Suppose 5 = 15*v - 20*v, 161566 = c + 3*v. Is c prime?
True
Suppose -r + 297 = 3*n - 1634, 2*n - 9694 = -5*r. Let z = r - 1261. Is z prime?
False
Let z(l) = -2752*l + 2. Let o be z(-7). Suppose 14*b - 8258 - o = 0. Suppose 8*h + b = 10*h. Is h composite?
False
Suppose 2*w + 267 - 277 = 0, -3*b = -5*w - 826412. Is b composite?
True
Let z = -16 - -22. Suppose 3*c = 3*b - z*b + 6, 0 = c + 3. Suppose b*v + 320 = 2*x - 193, -x = -2*v - 256. Is x prime?
False
Let g(n) = -72*n**3 - 2*n**2 - 86*n + 7. Is g(-9) a prime number?
False
Suppose 0*j = -21*j. Suppose j = -3*f, 2*c = c + f + 67. Is c composite?
False
Suppose g + 2*l + 7318 = 0, 4*l + 36626 = -5*g + 6*l. Let c = 10255 + g. Is c prime?
False
Let b(s) = -s**3 + 43*s**2 - 2*s - 5. Let p = -359 + 383. Is b(p) a prime number?
True
Suppose 2*y - 749382 = -j, 0*y - y + 2*j = -374671. Is y prime?
True
Let t(s) be the second derivative of -s**5/20 + s**4/2 - 2*s**3/3 + 9*s**2/2 + 9*s. Let y be t(5). Suppose y*q - 753 = 11*q. Is q composite?
False
Let c = 3283 - -7387. Suppose 0 = -8*u - 2*u + c. Is u a composite number?
True
Let i(m) = 174*m**2 + 210*m - 53. Is i(-29) composite?
False
Let g(d) = d**3 - 12*d**2 + 12*d - 5. Suppose -f = -4*p - 31, 6*p - 4*p = -4*f + 34. Let c be g(f). Let z(v) = 23